se
Is 43373 composite?
True
Is 173015 a composite number?
True
Is 120826 composite?
True
Is 12251 composite?
False
Is 330607 prime?
True
Is 8529 composite?
True
Is 13303 a prime number?
False
Is 1361 composite?
False
Is 5981 composite?
False
Is 4373 composite?
False
Is 22613 prime?
True
Is 36847 a composite number?
False
Is 139249 a prime number?
False
Is 72329 composite?
True
Is 16349 a prime number?
True
Is 13711 a composite number?
False
Is 998 a prime number?
False
Is 932779 a composite number?
False
Is 135559 composite?
False
Is 734471 a prime number?
True
Is 68389 composite?
False
Is 4031 prime?
False
Is 131671 composite?
False
Is 9863 composite?
True
Is 1187 a composite number?
False
Is 1637 prime?
True
Is 16301 composite?
False
Is 54251 composite?
False
Is 827633 prime?
True
Is 3067 prime?
True
Is 140111 a prime number?
True
Is 73699 a prime number?
True
Is 2393 a composite number?
False
Is 339059 a composite number?
True
Is 5381 prime?
True
Is 57029 prime?
False
Is 26017 a prime number?
True
Is 35011 composite?
True
Is 8053 a composite number?
False
Is 46619 prime?
True
Is 81749 a prime number?
True
Is 3073 composite?
True
Is 5987 a composite number?
False
Is 378083 a composite number?
False
Is 144857 a prime number?
False
Is 2437 composite?
False
Is 16301 composite?
False
Is 89977 a prime number?
True
Is 38431 composite?
False
Is 46457 composite?
False
Is 245987 prime?
False
Is 1003361 composite?
False
Is 9601 a composite number?
False
Is 18037 composite?
True
Is 358647 prime?
False
Is 34877 a composite number?
False
Is 308283 prime?
False
Is 1173203 composite?
True
Is 858269 a prime number?
True
Is 1498903 a composite number?
True
Is 45317 a composite number?
False
Is 147831 prime?
False
Is 335207 prime?
True
Is 2521 a composite number?
False
Is 137827 a prime number?
True
Is 11677 composite?
False
Is 73603 prime?
False
Is 2879 prime?
True
Is 2965357 a prime number?
True
Is 194933 a composite number?
False
Is 204781 a composite number?
False
Is 10118 prime?
False
Is 9953 a composite number?
True
Is 107611 a prime number?
False
Is 55603 a composite number?
False
Is 45601 a prime number?
False
Is 3481 a prime number?
False
Is 4987 prime?
True
Is 17773 prime?
False
Is 47761 prime?
False
Is 13894 a composite number?
True
Is 59951 a prime number?
True
Is 67927 a prime number?
True
Is 28781 a composite number?
True
Is 94421 composite?
False
Is 3232823 composite?
True
Is 5515 a composite number?
True
Is 2999 prime?
True
Is 79949 a prime number?
False
Is 148919 a composite number?
True
Is 10133 a prime number?
True
Is 312577 a composite number?
True
Is 27677 prime?
False
Is 54643 prime?
False
Is 66491 composite?
False
Is 99521 a composite number?
True
Is 11657 prime?
True
Is 419 a prime number?
True
Is 2203 a prime number?
True
Is 5729 a prime number?
False
Is 8297 a composite number?
False
Is 640861 a composite number?
True
Is 491927 prime?
False
Is 3600053 a prime number?
True
Is 3029309 prime?
True
Is 152027 composite?
False
Is 122267 a composite number?
False
Is 2951 a composite number?
True
Is 330479 prime?
False
Is 10174 a prime number?
False
Is 1861 prime?
True
Is 43093 a prime number?
True
Is 24482 prime?
False
Is 23519 a prime number?
False
Is 12703 a composite number?
False
Is 691 prime?
True
Is 49285 composite?
True
Is 91487 composite?
True
Is 55911 a prime number?
False
Is 12743 a prime number?
True
Is 11443 prime?
True
Is 9667 prime?
False
Is 36483 prime?
False
Is 9851 composite?
False
Is 113258 composite?
True
Is 250619 composite?
False
Is 1372853 a composite number?
True
Is 2813 prime?
False
Is 610229 a composite number?
False
Is 16595 a prime number?
False
Is 109645 a composite number?
True
Is 17809 composite?
True
Is 295357 composite?
False
Is 61779 a composite number?
True
Is 2095 a prime number?
False
Is 5498383 a prime number?
False
Is 72613 a prime number?
True
Is 11369 prime?
True
Is 4561 a prime number?
True
Is 673 a composite number?
False
Is 17077 a composite number?
False
Is 13835 a composite number?
True
Is 5581 prime?
True
Is 144422 prime?
False
Is 82967 prime?
False
Is 1543 prime?
True
Is 718973 a composite number?
False
Is 45941 a composite number?
True
Is 68171 prime?
True
Is 17117 a composite number?
False
Is 1111 composite?
True
Is 101407 composite?
True
Is 51583 composite?
True
Is 46423 composite?
True
Is 42191 prime?
False
Is 79113 composite?
True
Is 4987 prime?
True
Is 1043 a composite number?
True
Is 59771 composite?
False
Is 7795 prime?
False
Is 32399 composite?
True
Is 40265 prime?
False
Is 1609799 a prime number?
False
Is 236345 a composite number?
True
Is 246799 a prime number?
False
Is 42479 composite?
True
Is 15511 a prime number?
True
Is 474437 a prime number?
True
Is 3053095 prime?
False
Is 438167 a composite number?
True
Is 3599 composite?
True
Is 5129 a composite number?
True
Is 6247 a prime number?
True
Is 28789 composite?
False
Is 29591 composite?
True
Is 75571 composite?
False
Is 12013 a composite number?
True
Is 3451193 a composite number?
False
Is 15751 prime?
False
Is 4201 a prime number?
True
Is 7183 composite?
True
Is 525619 prime?
False
Is 9923 a composite number?
False
Is 78377 prime?
False
Is 9227 a composite number?
False
Is 429497 prime?
True
Is 39763 composite?
True
Is 1477457 prime?
True
Is 1081 a prime number?
False
Is 377189 a prime number?
False
Is 9719 prime?
True
Is 168101 a composite number?
True
Is 530287 composite?
True
Is 112397 a prime number?
True
Is 653617 a composite number?
False
Is 48883 composite?
False
Is 742571 composite?
True
Is 24707 a composite number?
True
Is 6521 a prime number?
True
Is 31877 prime?
False
Is 5557 a composite number?
False
Is 86161 a prime number?
True
Is 582551 prime?
True
Is 2826329 a prime number?
False
Is 24391 composite?
False
Is 115937 a prime number?
False
Is 72797 composite?
False
Is 241403 prime?
False
Is 236221 a prime number?
False
Is 135613 prime?
True
Is 4634327 a prime number?
True
Is 10739 prime?
True
Is 817 a composite number?
True
Is 31307 a prime number?
True
Is 109241 a prime number?
False
Is 63977 prime?
True
Is 35671 composite?
False
Is 2673043 composite?
True
Is 116509 composite?
True
Is 13535 a composite number?
True
Is 282803 a prime number?
False
Is 3989 composite?
False
Is 759329 composite?
False
Is 980093 a prime number?
False
Is 13201 a composite number?
True
Is 63197 prime?
True
Is 19531 prime?
True
Is 67103 a prime number?
True
Is 1051971 composite?
True
Is 6521 a composite number?
False
Is 215051 a composite number?
False
Is 86837 a prime number?
True
Is 373367 a prime number?
False
Is 2881 a prime number?
False
Is 506047 a prime number?
True
Is 1741 a prime number?
True
Is 861241 composite?
True
Is 297047 a composite number?
True
Is 3943 a composite number?
False
Is 838 prime?
False
Is 82337 prime?
False
Is 303811 a prime number?
False
Is 39473 prime?
False
Is 592967 a prime number?
True
Is 21971 prime?
False
Is 919109 composite?
False
Is 101573 a prime number?
True
Is 9871 prime?
True
Is 7571 a prime number?
False
Is 72493 a prime number?
True
Is 1193149 composite?
False
Is 16322 composite?
True
Is 192601 composite?
False
Is 16565 prime?
False
Is 213677 prime?
False
Is 16259 prime?
False
Is 1846249 prime?
False
Is 27179 a composite number?
False
Is 9337 a prime number?
True
Is 1566221 a prime number?
False
Is 6163 a composite number?
False
Is 30479 prime?
False
Is 355 a prime number?
False
Is 3821 a prime number?
True
Is 428951 prime?
True
Is 451723 prime?
True
Is 178289 a prime number?
True
Is 28277 prime?
True
Is 57317 prime?
False
Is 155161 a composite number?
False
Is 15926 a composite number?
True
Is 1361 a composite number?
False
Is 11147 prime?
False
Is 6074 a prime number?
False
Is 113887 a composite number?
True
Is 18899 composite?
False
Is 40693 a prime number?
True
Is 13649 a composite number?
False
Is 4373 a prime number?
True
Is 3137 prime?
True
Is 41126 a prime number?
False
Is 1097351 composite?
False
Is 9655 prime?
False
Is 1973 prime?
True
Is 641 prime?
True
Is 6599 a composite number?
False
Is 436217 a composite number?
False
Is 331073 prime?
False
Is 297581 prime?
True
Is 776861 a composite number?
False
Is 347801 composite?
False
Is 17833 a prime number?
False
Is 38501 composite?
Fals